 is the value of -1 + (4 + -5 - -4) - 6?
-4
What is 0 + (5 - 10 - -2 - 1)?
-4
Evaluate -6 - (-12 - (-5 + 5 - 0)).
6
What is 3 + -6 + (7 - (3 - 6))?
7
What is -5 - (1 - (-2 - -4))?
-4
What is 2 + (2 - (2 - (-7 + 0)))?
-5
What is the value of -3 - (0 - (3 - 1))?
-1
-1 - -7 - (-11 - -10)
7
Evaluate 11 + (11 - 4 - 21).
-3
Evaluate 2 - -1 - (5 + 2) - -2.
-2
Calculate -3 + 3 + -1 + 4 + 2.
5
What is -7 + (7 - 13) + 7?
-6
What is (2 - 5) + 56 + -54?
-1
Evaluate (-1 + -2 - 1) + -1.
-5
Calculate 8 + 0 - (11 - 9).
6
-3 - ((-1 - 11) + -9 + 14)
4
Evaluate 3 - (-4 + 8 - -3).
-4
Evaluate -3 + 3 + 1 - (1 - -2).
-2
What is (1 - 6) + (4 - 2) - -1?
-2
What is the value of 1 - (5 - 1) - -8?
5
What is 1 + (-7 - (-9 + 2))?
1
3 - (0 - (4 - 2))
5
Calculate 1 - 6 - (6 + -9 + -3).
1
Calculate -1 - 3 - (-3 - (-1 + 4)).
2
Calculate -3 - (-19 - -9 - -10).
-3
What is -2 + -1 + 4 + 3?
4
Evaluate (2 - 11) + 6 - -5.
2
What is the value of (-7 - -5) + -7 + 0 + 15?
6
Calculate 20 + (-2 - (20 + -8)).
6
Evaluate (4 - 5) + -1 + -4 - -3.
-3
What is the value of (7 - (8 - -2)) + (0 - -2)?
-1
Evaluate -1 - (4 + -3) - 3.
-5
Evaluate -1 - (1 - (4 - 2)).
0
What is 0 + (3 - 9) + 2 + -1?
-5
What is the value of (-3 + 8 - 12) + 4?
-3
What is the value of -3 + (5 + -5 + 3 - 2)?
-2
(2 - 8) + 9 - (5 - -1)
-3
Evaluate 0 - (-4 - (1 + -3)).
2
Evaluate 6 + 1 + -5 - 1.
1
What is -70 + 69 + (0 - 0) + 0?
-1
(0 - 1) + 4 + -7
-4
What is (-3 - -1) + 0 + (2 - 3)?
-3
Calculate 3 - ((52 - 53) + (1 - -1)).
2
Calculate 2 + -2 + 6 + (-2 - -2).
6
Evaluate (4 - -4) + -7 + 3.
4
5 + (6 - 7 - 2)
2
Evaluate 6 - (5 + -3) - 1 - 3.
0
Evaluate (7 - 0) + (-3 - (-19 - -18)).
5
What is 6 + 1 - (8 - 6)?
5
Calculate (2 + -4 - 4) + 1.
-5
What is 7 - (-13 - -23) - 5?
-8
-4 + 0 + 15 + -11
0
-2 - (2 + -4) - -1
1
-11 + 16 - -16 - 14
7
Evaluate 1 + (-1 + -1 - -1 - 2).
-2
63 + -70 + (-1 - -4)
-4
What is the value of -1 - (3 + -2 + 1)?
-3
14 + -19 - (-8 - 2)
5
Evaluate (-2 + (-3 - -1) - -3) + 4.
3
Evaluate 2 + 0 + -2 + (1 - 1).
0
Calculate (1 - 0) + -6 - (-15 - -6).
4
What is the value of 5 + (10 + -7 - 7)?
1
Calculate 0 + 0 + -27 + 33.
6
0 + (1 - (6 - 3))
-2
What is the value of -1 + -1 + 2 - -1?
1
What is -1 + -1 - (-2 + 3 + -4)?
1
5 + -2 + -4 - (1 - 4)
2
What is 2 + -9 + -45 + 48?
-4
Evaluate (-2 - -6) + (16 - 26).
-6
What is the value of 7 + -15 + 2 - -5?
-1
Evaluate -4 + 2 + (-1 - 0).
-3
Evaluate 4 + (-15 - -6) + (1 - -2).
-2
What is -3 + (2 - 2) + 5 + 6?
8
Evaluate 35 + -34 - (-3 + 3 + -1).
2
(-1 - -1) + (-3 - 1)
-4
Calculate 2 - 3 - 3 - -3.
-1
49 - 53 - (0 + -7)
3
Evaluate 1 + -4 + (-7 - -1).
-9
What is ((3 - 12) + -3 - -9) + -2?
-5
What is the value of 4 + -5 + -1 + -1 - -2?
-1
Calculate -3 + 0 + -4 + 7.
0
What is -4 + (-2 - -6) - 4?
-4
What is (-7 - (-3 - (-4 - -4))) + 5?
1
5 + -9 + -5 - -4
-5
Calculate -1 + (6 + -5 - 2) + 1.
-1
What is the value of (2 + -1 + 1 - 4) + 1?
-1
Evaluate 1 - (-17 - -9) - 16.
-7
-8 + 14 - (8 - 5)
3
Calculate 1 + -6 + -1 + (-94 - -89).
-11
Calculate (8 - (-5 + 18)) + (4 - 0).
-1
Calculate 4 + (-2 - -6) + -4.
4
What is the value of -4 - (1 - (-2 - -4))?
-3
15 - (-7 - (-4 - (11 - 1)))
8
11 - (-1 + 1 - (5 - 9))
7
Calculate -7 - -10 - (0 + (4 - 2)).
1
Calculate (1 - (-2 + 3)) + -2.
-2
Calculate 2 + (0 - (-5 - -6)).
1
Evaluate -8 + 3 + 5 - -4.
4
What is the value of ((-4 - -7) + -4 - 0) + 0?
-1
Calculate 4 - (3 + 10 + -4).
-5
Evaluate 3 + (-6 - -6 - 0) - 5.
-2
What is the value of -9 + -4 + 6 + 6?
-1
What is -2 + (4 - 1 - 5)?
-4
What is -6 - (0 + -4) - -5?
3
Evaluate 0 + (-13 - (-6 - -2)) + 2.
-7
Calculate (-3 - 1 - 3) + (5 - -3).
1
Calculate -3 - (-1 - (3 + -4) - 6).
3
1 - (-4 - (-3 - -1))
3
What is -3 + 8 + (4 - 4)?
5
What is the value of 1 + 3 + -9 + 5?
0
Calculate -1 + 1 + -1 - 0.
-1
7 + (4 - ((5 - 0) + -3))
9
What is the value of 2 + -4 + 0 + (4 - 2)?
0
Calculate -1 + -4 - (13 + -17).
-1
-4 + 0 - (36 - 42)
2
Calculate 14 + -7 - 14 - -6.
-1
Evaluate 1 - 11 - (8 + -11 + -1).
-6
Evaluate -6 + (10 - 8) + 8.
4
(1 - 2) + (-2 - -2)
-1
What is -1 + 2 + (-20 - -17 - -4)?
2
What is (-2 - -2) + 1 + (3 - 8)?
-4
Calculate 1 + -1 + (0 - (-3 - -5)).
-2
What is the value of (-1 - -3) + 2 + -1?
3
What is 0 - -7 - (6 + -1)?
2
Evaluate (2 - -1 - 4 - -2) + -1.
0
Calculate 1 - 0 - (-3 - -4) - 3.
-3
2 - (-1 + 2 - (-8 - -5))
-2
What is the value of 3 - (2 + -7 - -13)?
-5
Evaluate (10 - (10 + -5)) + (1 - 4).
2
(4 - -4) + -11 - (1 - 3)
-1
Evaluate -7 - (-2 - -2 - 4).
-3
What is -12 + (-12 - -9) - -10?
-5
-4 + 0 + 0 + 3
-1
Evaluate (3 - (-1 + 4)) + -1 + -4.
-5
(4 - (-1 - -4)) + -21 + 21
1
4 + -15 - (-25 - -10)
4
Calculate 1 + (1 - -6 - 10).
-2
What is -1 - (-7 - (-4 - 0))?
2
What is -7 + 9 - (-1 - (0 + 3))?
6
Evaluate 4 - (-6 - (-10 - -3)).
3
Calculate -1 + (9 - 6) - (6 + 2).
-6
What is 2 + 2 + (2 - 4) + -2?
0
Evaluate -2 + 3 + -1 + -3.
-3
Evaluate (1 - 2) + (-8 + 15 - 5).
1
What is the value of 4 + 5 + (-2 - 6)?
1
What is 5 + (-4 - (-4 + 6))?
-1
Calculate -19 + 21 + (-2 - -3).
3
What is the value of -21 - (-8 + -16) - (3 - -1)?
-1
Calculate 10 + (-8 - ((2 - -5) + -10)).
5
Calculate 9 + -13 + (-1 - 0).
-5
3 + -1 + (5 - 1) + -3
3
-2 + 4 - (16 + -13)
-1
What is -12 + 15 + 2 + -14?
-9
Evaluate (-10 - (-10 - -9)) + 7.
-2
Evaluate 0 - (-4 + 3) - (18 - 13).
-4
What is the value of -3 - ((0 - 3) + 8 + -5)?
-3
What is the value of -44 - -41 - (-1 + 1 + 2)?
-5
What is the value of 6 - (6 - (6 + -7))?
-1
What is 2 + 1 + (-13 - -14)?
4
Calculate 3 + (0 - (-1 - (-4 + 0))).
0
What is (-11 - -10) + (-1 - -2)?
0
Calculate (-9 - (5 + 2)) + -2 + 9.
-9
What is 2 + (0 - (-2 + -1))?
5
Evaluate -5 + (3 - -2) - (1 - -3).
-4
-6 + 8 + -3 + 2 + -6
-5
Calculate (-6 - -4) + (-3 - -6) + 5.
6
What is (2 + 11 - 0) + -5?
8
What is the value of 2 + -3 - (-2 + 3) - -2?
0
Calculate 0 + (-1 - (-5 + 6)) + -3.
-5
Calculate -4 + -3 - (-7 - 2).
2
Calculate (5 - (5 - (-1 - -2))) + 3.
4
-11 - -12 - (-2 - -2)
1
1 - 0 - (1 - 1)
1
20 + -5 + (3 - 11) - 16
-9
Evaluate -33 + 37 - (0 - 0).
4
(5 - (7 + -10 + 10)) + -4
-6
Calculate (0 - 2) + 0 + (22 - 17).
3
What is -5 - (-3 + -10 + 3)?
5
Evaluate (11 - 12 - (6 - 1)) + 13.
7
Evaluate (0 - (-10 - -3)) + -1 + -4.
2
What is (2 - 13) + 9 - -13?
11
What is 3 + ((-2 - -4) + 4 - 4)?
5
Evaluate 1 + 0 + -3 - -3.
1
Evaluate 7 + 1 + -6 + 2.
4
What is the value of (0 - 0 - -2) + 6?
8
Calculate 1 + 8 - (0 + 5).
4
3 - (4 - 2) - 6
-5
What is -15 + 3 - (11 - 15)?
-8
What is the value of (-5 - (2 + -5)) + 3 + -4?
-3
What is the value of 1 + 1 - (4 - 7 - -9)?
-4
What is the value of (4 + -2 - -4) + -5 - -10?
11
Evaluate -5 - (-8 + (-5 - -11)).
-3
What is the value of 5 + (-1 - (-4 - 4) - 6)?
6
What is the value of (-81 - -91) + (0 - 2 - 2)?
6
Evaluate (-2 - -5) + 12 - 9.
6
What is (2 - (-5 + -4)) + -11?
0
Evaluate (-2 - -4) + 0 + (8 - 8).
2
Evaluate -320 - -324 - (1 - -1).
2
Evaluate 2 + -8 - (-10 + 6).
-2
Evaluate (-1 - 0 - 1) + 0 + -1.
-3
Evaluate (-2 - -3) + (8 - (7 + -2)).
4
What is 0 - (1 - (-4 + 3))?
-2
Evaluate 12 + (-23 - (-6 - 5)).
0
Evaluate 2 - (-6 + 1 - (25 + -30)).
2
Calculate (2 - (0 - -2)) + 5 + -3.
2
(-1 - (-3 - 4)) + -4
2
Evaluate (-7 - -6) + (-2 - 0).
-3
Calculate -8 - -2 - (-17 - (-18 + -3)).
-10
Calculate 7 + (2 - -10 - 18).
1
Evaluate -3 + -5 + 5 + -3 + 0.
-6
Calculate (4 + -14 - -17) + -6.
1
12 + -20 + 1 + 2 - -7
2
Calculate (6 - 11) + 8 - -3.
6
What is 4 - (7 - 10 - (0 + -3))?
4
Calculate -4 + -1 + 9 + -2.
2
What is -1 - (1 + -6 + (3 - 1))?
2
Evaluate 11 - 16 - (3 + (-1 - -1)).
-8
Calculate -2 - (1 - 3) - (-3 - 0).
3
What is 7 + -3 - (0 + -8 + 13)?
-1
What is -2 + -1 + 170 + -170?
-3
What is the value of (1 - (6 - 5)) + -1?
-1
Evaluate -19 - -13 - (-3 + 0).
-3
-4 + 1 - (-9 - -8) - -5
3
-2 - (-17 + 4 + -2 - -6)
7
What is (-2 - -2) + -5 + 1?
-4
-2 + 2 + (-1 - -6)
5
0 - (14 + -1 - (-33 + 40))
-6
Evaluate (3 - 7 - 9) + 5.
-8
What is (17 + -7 - 4) + -14 + -1?
-9
What is 23 + -29 + 0 + 5?
-1
What is (-9 - -10) + (-3 - -1) - -5?
4
Evaluate 11 + (4 + 9 - 22).
2
Calculate 26 - 25 - (-2 - -8).
-5
What is 0 - (3 + 2 + -9)?
4
Calculate 23 + -20 - (-1 + 10).
-6
-4 + (-5 - (-5 - (3 + -7)))
-8
Evaluate 7 - (-1 + -2 + 13).
-3
What is the value of -6 + (1 - (-3 + -5))?
3
What is 5 - (5 - 1) - -1?
2
Calculate 1 - (-5 + 1 + 7).
-2
Evaluate (-1 - (-4 - -3)) + 0.
0
0 - -6 - ((3 - 1) + -1)
5
Evaluate 5 + -12 + (0 - -7).
0
What is -